{"id":45439,"date":"2013-04-05T13:37:10","date_gmt":"2013-04-05T11:37:10","guid":{"rendered":"http:\/\/www.novisvet.si\/?post_type=product&#038;p=45439"},"modified":"2019-04-19T13:40:39","modified_gmt":"2019-04-19T11:40:39","slug":"verujem-365-misli-o-veri","status":"publish","type":"product","link":"https:\/\/www.novisvet.si\/?product=verujem-365-misli-o-veri","title":{"rendered":"Verujem &#8211; 365 misli o veri"},"content":{"rendered":"<p>[et_pb_section bb_built=&#8221;1&#8243;][et_pb_row][et_pb_column type=&#8221;4_4&#8243;][et_pb_text _builder_version=&#8221;3.21.1&#8243; text_font=&#8221;Noto Serif||||||||&#8221; header_text_color=&#8221;#aa0066&#8243; header_2_text_color=&#8221;#8300e9&#8243; text_text_color=&#8221;#000000&#8243; header_2_font_size=&#8221;22px&#8221; header_5_text_color=&#8221;#000000&#8243; header_5_line_height=&#8221;1.5em&#8221; header_5_font=&#8221;|||||on|||&#8221; header_3_text_color=&#8221;#5a31b2&#8243; header_3_font_size=&#8221;16px&#8221; z_index_tablet=&#8221;500&#8243;]<\/p>\n<h2>Wilhelm M\u00fchs (zbral)<\/h2>\n<h1>Verujem<\/h1>\n<h3>365 misli o veri<\/h3>\n<p>Zbrane misli razli\u010dnih avtorjev nam prina\u0161ajo spodbudo, da se vpra\u0161amo o na\u0161i veri in o posledicah, ki jih ima v na\u0161em vsakodnevnem \u017eivljenju.<\/p>\n<p>\u00bbKo v no\u010di dvigne\u0161 svetilko,<br \/>da bi razsvetlil svoje korake,<br \/>takoj razume\u0161,<br \/>da v njej ne gori tvoj ogenj.\u00ab<\/p>\n<p>Kahlil Gibran<\/p>\n<p>\u00a0<\/p>\n<h5>Format: 9 x 15 cm<\/h5>\n<h5>Strani:\u00a0 120<\/h5>\n<h5>Vezava: mehka<\/h5>\n<p>[\/et_pb_text][\/et_pb_column][\/et_pb_row][\/et_pb_section]<\/p>\n","protected":false},"excerpt":{"rendered":"<p>brane misli razli\u010dnih avtorjev nam prina\u0161ajo spodbudo, da se vpra\u0161amo o na\u0161i veri in o posledicah, ki jih ima v na\u0161em vsakodnevnem \u017eivljenju.<\/p>\n","protected":false},"featured_media":45440,"comment_status":"open","ping_status":"closed","template":"","meta":{"_et_pb_use_builder":"on","_et_pb_old_content":""},"product_cat":[59],"product_tag":[127],"class_list":{"0":"post-45439","1":"product","2":"type-product","3":"status-publish","4":"has-post-thumbnail","6":"product_cat-misli","7":"product_tag-vera","9":"first","10":"instock","11":"taxable","12":"shipping-taxable","13":"purchasable","14":"product-type-simple"},"_links":{"self":[{"href":"https:\/\/www.novisvet.si\/index.php?rest_route=\/wp\/v2\/product\/45439","targetHints":{"allow":["GET"]}}],"collection":[{"href":"https:\/\/www.novisvet.si\/index.php?rest_route=\/wp\/v2\/product"}],"about":[{"href":"https:\/\/www.novisvet.si\/index.php?rest_route=\/wp\/v2\/types\/product"}],"replies":[{"embeddable":true,"href":"https:\/\/www.novisvet.si\/index.php?rest_route=%2Fwp%2Fv2%2Fcomments&post=45439"}],"wp:featuredmedia":[{"embeddable":true,"href":"https:\/\/www.novisvet.si\/index.php?rest_route=\/wp\/v2\/media\/45440"}],"wp:attachment":[{"href":"https:\/\/www.novisvet.si\/index.php?rest_route=%2Fwp%2Fv2%2Fmedia&parent=45439"}],"wp:term":[{"taxonomy":"product_cat","embeddable":true,"href":"https:\/\/www.novisvet.si\/index.php?rest_route=%2Fwp%2Fv2%2Fproduct_cat&post=45439"},{"taxonomy":"product_tag","embeddable":true,"href":"https:\/\/www.novisvet.si\/index.php?rest_route=%2Fwp%2Fv2%2Fproduct_tag&post=45439"}],"curies":[{"name":"wp","href":"https:\/\/api.w.org\/{rel}","templated":true}]}}

<p>[et_pb_section bb_built=&#8221;1&#8243;][et_pb_row][et_pb_column type=&#8221;4_4&#8243;][et_pb_text _builder_version=&#8221;3.21.1&#8243; text_font=&#8221;Noto Serif||||||||&#8221; header_text_color=&#8221;#aa0066&#8243; header_2_text_color=&#8221;#8300e9&#8243; text_text_color=&#8221;#000000&#8243; header_2_font_size=&#8221;22px&#8221; header_5_text_color=&#8221;#000000&#8243; header_5_line_height=&#8221;1.5em&#8221; header_5_font=&#8221;|||||on|||&#8221; header_3_text_color=&#8221;#5a31b2&#8243; header_3_font_size=&#8221;16px&#8221; z_index_tablet=&#8221;500&#8243;]</p>
<h2>Wilhelm Mühs (zbral)</h2>
<h1>Verujem</h1>
<h3>365 misli o veri</h3>
<p>Zbrane misli različnih avtorjev nam prinašajo spodbudo, da se vprašamo o naši veri in o posledicah, ki jih ima v našem vsakodnevnem življenju.</p>
<p>»Ko v noči dvigneš svetilko,<br />da bi razsvetlil svoje korake,<br />takoj razumeš,<br />da v njej ne gori tvoj ogenj.«</p>
<p>Kahlil Gibran</p>
<p> </p>
<h5>Format: 9 x 15 cm</h5>
<h5>Strani:  120</h5>
<h5>Vezava: mehka</h5>
<p>[/et_pb_text][/et_pb_column][/et_pb_row][/et_pb_section]</p>

<p>brane misli različnih avtorjev nam prinašajo spodbudo, da se vprašamo o naši veri in o posledicah, ki jih ima v našem vsakodnevnem življenju.</p>
