{"id":45162,"date":"2014-04-05T09:56:43","date_gmt":"2014-04-05T09:56:43","guid":{"rendered":"http:\/\/www.novisvet.si\/?post_type=product&#038;p=45162"},"modified":"2024-07-16T21:12:27","modified_gmt":"2024-07-16T19:12:27","slug":"janez-xxiii-svetnik","status":"publish","type":"product","link":"https:\/\/www.novisvet.si\/?product=janez-xxiii-svetnik","title":{"rendered":"Janez XXIII. Svetnik"},"content":{"rendered":"<p>[et_pb_section bb_built=&#8221;1&#8243;][et_pb_row][et_pb_column type=&#8221;4_4&#8243;][et_pb_text _builder_version=&#8221;3.21.1&#8243; text_font=&#8221;Noto Serif||||||||&#8221; header_text_color=&#8221;#aa0066&#8243; header_2_text_color=&#8221;#8300e9&#8243; text_text_color=&#8221;#000000&#8243; header_2_font_size=&#8221;22px&#8221; header_5_text_color=&#8221;#000000&#8243; header_5_line_height=&#8221;1.5em&#8221; header_5_font=&#8221;|||||on|||&#8221; header_3_text_color=&#8221;#5a31b2&#8243; header_3_font_size=&#8221;16px&#8221; z_index_tablet=&#8221;500&#8243;]<\/p>\n<h2>Renzo Sala<\/h2>\n<h1>Janez XXIII. &#8211; Svetnik<\/h1>\n<p>Drobna knji\u017eica, ki ob razglasitvi pape\u017ea Janeza XXIII. za svetnika, na nekaj straneh z besedo njegovih naslednikov in odlomki iz njegovega dnevnika in govorov, poka\u017ee veli\u010dino tega mo\u017ea. Besede, ki ne zbujajo le ob\u010dudovanja, ampak so tudi nam, povsem obi\u010dajnim ljudem, jasni napotki in spodbuda za na\u0161e vsakdanje \u017eivljenje.<\/p>\n<p>&#8220;Samo danes bom kljub nasprotnemu videzu trdno veroval, da dobrotna Bo\u017eja previdnost skrbi zame, kot da na svetu ne bi bilo nikogar drugega.&#8221;<\/p>\n<h4>\u00a0<\/h4>\n<h5><span class=\"field-label \">Format:\u00a0<\/span><span class=\"field-value\">10&#215;15 cm<\/span>\u00a0<br \/><span class=\"field-label \">\u0160tevilo strani:\u00a0<\/span><span class=\"field-value\">16 strani<\/span>\u00a0<br \/><span class=\"field-label \">Vezava:\u00a0<\/span><span class=\"field-value\">mehka vezava<\/span>\u00a0<\/h5>\n<p>[\/et_pb_text][\/et_pb_column][\/et_pb_row][\/et_pb_section]<\/p>\n","protected":false},"excerpt":{"rendered":"<p>&#8220;Samo danes bom kljub nasprotnemu videzu trdno veroval, da dobrotna Bo\u017eja previdnost skrbi zame, kot da na svetu ne bi bilo nikogar drugega.&#8221;<\/p>\n","protected":false},"featured_media":45163,"comment_status":"open","ping_status":"closed","template":"","meta":{"_et_pb_use_builder":"on","_et_pb_old_content":""},"product_cat":[82,59],"product_tag":[115,114],"_links":{"self":[{"href":"https:\/\/www.novisvet.si\/index.php?rest_route=\/wp\/v2\/product\/45162"}],"collection":[{"href":"https:\/\/www.novisvet.si\/index.php?rest_route=\/wp\/v2\/product"}],"about":[{"href":"https:\/\/www.novisvet.si\/index.php?rest_route=\/wp\/v2\/types\/product"}],"replies":[{"embeddable":true,"href":"https:\/\/www.novisvet.si\/index.php?rest_route=%2Fwp%2Fv2%2Fcomments&post=45162"}],"wp:featuredmedia":[{"embeddable":true,"href":"https:\/\/www.novisvet.si\/index.php?rest_route=\/wp\/v2\/media\/45163"}],"wp:attachment":[{"href":"https:\/\/www.novisvet.si\/index.php?rest_route=%2Fwp%2Fv2%2Fmedia&parent=45162"}],"wp:term":[{"taxonomy":"product_cat","embeddable":true,"href":"https:\/\/www.novisvet.si\/index.php?rest_route=%2Fwp%2Fv2%2Fproduct_cat&post=45162"},{"taxonomy":"product_tag","embeddable":true,"href":"https:\/\/www.novisvet.si\/index.php?rest_route=%2Fwp%2Fv2%2Fproduct_tag&post=45162"}],"curies":[{"name":"wp","href":"https:\/\/api.w.org\/{rel}","templated":true}]}}