{"id":45134,"date":"2015-03-13T11:51:42","date_gmt":"2015-03-13T11:51:42","guid":{"rendered":"http:\/\/www.novisvet.si\/?post_type=product&#038;p=45134"},"modified":"2019-04-03T11:57:47","modified_gmt":"2019-04-03T11:57:47","slug":"biti-vzgojitelj","status":"publish","type":"product","link":"https:\/\/www.novisvet.si\/?product=biti-vzgojitelj","title":{"rendered":"Biti vzgojitelj"},"content":{"rendered":"<p>[et_pb_section bb_built=&#8221;1&#8243;][et_pb_row][et_pb_column type=&#8221;4_4&#8243;][et_pb_text _builder_version=&#8221;3.21.1&#8243; text_font=&#8221;Noto Serif||||||||&#8221; header_text_color=&#8221;#aa0066&#8243; header_2_text_color=&#8221;#8300e9&#8243; text_text_color=&#8221;#000000&#8243; header_2_font_size=&#8221;22px&#8221; header_5_text_color=&#8221;#000000&#8243; header_5_line_height=&#8221;1.5em&#8221; header_5_font=&#8221;|||||on|||&#8221; header_3_text_color=&#8221;#5a31b2&#8243; header_3_font_size=&#8221;16px&#8221; z_index_tablet=&#8221;500&#8243;]<\/p>\n<h2>Michele De Beni<\/h2>\n<h1>Biti vzgojitelj<\/h1>\n<h3>Izziv za prihodnost<\/h3>\n<h5>Knjigi je prilo\u017een dvd z izjavami u\u010dencev Chiare Lubich.\u00a0<\/h5>\n<p>\u00bbNe pustite nas samih!\u00abse zdi, da govorijo otroci svojim star\u0161em, u\u010diteljem, vzgojiteljem. Vsakdanji dogodki v splo\u0161ni krizi zaupanja, upanja, \u017eelje po prihodnosti kli\u010dejo vzgojitelje k izbiri odgovornosti: pribli\u017eati se mladim, ponuditi jim verodostojne, pristne vzore \u017eivljenja in misli. Avtorji prispevkov v tej knjigi z razli\u010dnih vidikov razmi\u0161ljajo o vzgoji, opirajo\u010d se na izku\u0161njo Chiare Lubich, ustanoviteljice Gibanja fokolarov. Pomen medsebojnih odnosov, potreba po \u00bbljubiti in biti ljubljen\u00ab, po u\u010denju, kompetentnosti, iskanju, po tem, da za\u010denjamo vedno znova, najdemo smisel \u2013 vseh teh tem se avtorji pogumno lotevajo z zavestjo, da vzgoja ni izbira na \u00bbkratki rok\u00ab, pa\u010d pa dolgotrajno prizadevanje: je zaupno pri\u010dakovanje, vsak dan novo, ki zahteva poklicanost. Vzgoja ni samo didakti\u010dni na\u010drt, ampak na\u010drt za \u017eivljenje.<\/p>\n<p>Michele De Beni,pedagog in psihoterapevt, je bil docent za izobra\u017eevanje odraslih na Mednarodni \u0161oli za znanosti o izobra\u017eevanju (SISF \u2013 Scuola Internazionale di Scienze della Formazione) v Benetkah. \u017de ve\u010d let sodeluje na magistrskem programu Interkulturne kompetence in mened\u017ement (Intercultural Competence and Management), ki ga izvajajo v Centru za interkulturne \u0161tudije na Univerzi v Veroni (Centro Studi Interculturali, Universit\u00e0 di Verona). Trenutno je pomo\u010dnik direktorja pri projektu Skupnost, ki vzgaja: zmagovalna stava Univerze v Skopju (Makedonija), v katerem sodeluje ve\u010d univerz in zdru\u017eenj. Je avtor \u0161tevilnih publikacij. Za zalo\u017ebo Citt\u00e0 Nuova je objavil naslednja dela:\u00a0Valori come tesori \u2013 educarsi alla relazione\u00a0(Vrednote kot zakladi \u2013 vzgoja za odnose; pri tej knjigi je sodeloval kot urednik), 2006,\u00a0Comunicare per amare \u2013 il dialogo nella vita di coppia(Sporazumevati se, da bi ljubili \u2013 dialog v \u017eivljenju para), 2006,\u00a0Educare \u2013 la sfida e il coraggio\u00a0(Vzgajati \u2013 izziv in pogum), 2010. Z Eziom Acetijem in Giuseppejem Milanom ureja zbirko Poti vzgoje (Percorsi dell&#8217;educare).<\/p>\n<h4>\u00a0<\/h4>\n<h5><span class=\"field-label \">Format:\u00a0<\/span><span class=\"field-value\">14&#215;20 cm<\/span>\u00a0<br \/><span class=\"field-label \">\u0160tevilo strani:\u00a0<\/span><span class=\"field-value\">176 strani<\/span>\u00a0<br \/><span class=\"field-label \">Vezava:\u00a0<\/span><span class=\"field-value\">trda vezava<\/span>\u00a0+ DVD<\/h5>\n<p>[\/et_pb_text][\/et_pb_column][\/et_pb_row][\/et_pb_section]<\/p>\n","protected":false},"excerpt":{"rendered":"<p>Vsakdanji dogodki v splo\u0161ni krizi zaupanja, upanja, \u017eelje po prihodnosti kli\u010dejo vzgojitelje k izbiri odgovornosti: pribli\u017eati se mladim, ponuditi jim verodostojne, pristne vzore \u017eivljenja in misli.<\/p>\n","protected":false},"featured_media":45135,"comment_status":"open","ping_status":"closed","template":"","meta":{"_et_pb_use_builder":"on","_et_pb_old_content":""},"product_cat":[105],"product_tag":[107,106],"_links":{"self":[{"href":"https:\/\/www.novisvet.si\/index.php?rest_route=\/wp\/v2\/product\/45134"}],"collection":[{"href":"https:\/\/www.novisvet.si\/index.php?rest_route=\/wp\/v2\/product"}],"about":[{"href":"https:\/\/www.novisvet.si\/index.php?rest_route=\/wp\/v2\/types\/product"}],"replies":[{"embeddable":true,"href":"https:\/\/www.novisvet.si\/index.php?rest_route=%2Fwp%2Fv2%2Fcomments&post=45134"}],"wp:featuredmedia":[{"embeddable":true,"href":"https:\/\/www.novisvet.si\/index.php?rest_route=\/wp\/v2\/media\/45135"}],"wp:attachment":[{"href":"https:\/\/www.novisvet.si\/index.php?rest_route=%2Fwp%2Fv2%2Fmedia&parent=45134"}],"wp:term":[{"taxonomy":"product_cat","embeddable":true,"href":"https:\/\/www.novisvet.si\/index.php?rest_route=%2Fwp%2Fv2%2Fproduct_cat&post=45134"},{"taxonomy":"product_tag","embeddable":true,"href":"https:\/\/www.novisvet.si\/index.php?rest_route=%2Fwp%2Fv2%2Fproduct_tag&post=45134"}],"curies":[{"name":"wp","href":"https:\/\/api.w.org\/{rel}","templated":true}]}}