{"id":45118,"date":"2014-11-06T11:26:44","date_gmt":"2014-11-06T11:26:44","guid":{"rendered":"http:\/\/www.novisvet.si\/?post_type=product&#038;p=45118"},"modified":"2023-06-27T12:47:25","modified_gmt":"2023-06-27T10:47:25","slug":"pater-pij-nepoznani-cudezi-svetnika-s-stigmami","status":"publish","type":"product","link":"https:\/\/www.novisvet.si\/?product=pater-pij-nepoznani-cudezi-svetnika-s-stigmami","title":{"rendered":"Pater Pij &#8211; Nepoznani \u010dude\u017ei svetnika s stigmami"},"content":{"rendered":"<p>[et_pb_section bb_built=&#8221;1&#8243;][et_pb_row][et_pb_column type=&#8221;4_4&#8243;][et_pb_text _builder_version=&#8221;3.21.1&#8243; text_font=&#8221;Noto Serif||||||||&#8221; header_text_color=&#8221;#aa0066&#8243; header_2_text_color=&#8221;#8300e9&#8243; text_text_color=&#8221;#000000&#8243; header_2_font_size=&#8221;22px&#8221; header_5_text_color=&#8221;#000000&#8243; header_5_line_height=&#8221;1.5em&#8221; header_5_font=&#8221;|||||on|||&#8221; header_3_text_color=&#8221;#5a31b2&#8243; header_3_font_size=&#8221;16px&#8221; z_index_tablet=&#8221;500&#8243;]<\/p>\n<h2>Jos\u00e9 Mar\u00eda Zavala<\/h2>\n<h1>Pater Pij<\/h1>\n<h3>Nepoznani \u010dude\u017ei svetnika s stigmami<\/h3>\n<p>Kdo je pravzaprav sveti Pij iz Pietrelcine? \u0160panski pisec Jos\u00e9 Mar\u00eda Zavala se v svoji knjigi loteva tega vpra\u0161anja na svojevrsten na\u010din, saj prika\u017ee \u017eivljenje svetnika s pomo\u010djo usod ne\u0161tetih ljudi, ki so se bodisi k njemu zatekli po pomo\u010d ali pa jim je on sam pomagal v svoji neskon\u010dni dobrotljivosti. Pretresljive zgodbe preteklih in dana\u0161njih dni ter pogovori z ljudmi, ki so ga dobro poznali, odkrivajo duhovnost in trpljenje patra Pija ter njegovo zvestobo Kristusu in Devici Mariji.<\/p>\n<p>Pater Pij (1887) je \u017ee v mladih letih stopil na pot Kristusovega trpljenja, da bi nadaljeval njegovo poslanstvo. Ve\u010dji del svojega \u017eivljenja je tako namenil spovedovanju v kapucinskem samostanu v San Giovanniju Rotondu v Italiji. Tja je \u017ee v \u010dasu patrovega \u017eivljenja romalo na tiso\u010de ljudi, ki so jih pritegnili njegovo svetni\u0161ko \u017eivljenje, \u010dude\u017ei na njegovo pripro\u0161njo in drugi skrivnostni dogodki, predvsem stigme. Te so ga spremljale vse do dneva njegove smrti, 23. septembra 1968.<\/p>\n<p>A pater Pij je sam prerokoval: \u00bbVe\u010d prahu bom dvignil mrtev kot \u017eiv.\u00ab In res se je \u010da\u0161\u010denje patra Pija, sploh po njegovi kanonizaciji leta 2002, raz\u0161irilo po vsem svetu. Dokaz za to je tudi ta knjiga. Njen nesluteni uspeh je avtorja spodbudil, da ji je dodal nova pri\u010devanja, ki so ga dosegla po prvi izdaji, ali bolje re\u010deno, ravno zaradi nje.<\/p>\n<p align=\"right\">Alenka Vre\u010dar, prevajalka<\/p>\n<p style=\"text-align: left;\" align=\"right\">Jos\u00e9 Mar\u00eda Zavala (Madrid, 1962) je diplomiral iz novinarstva na univerzi v Navarri, doktoriral pa iz ekonomije na univerzi UNED. Dobr\u0161en del svojega novinarskega \u017eivljenja je posvetil gospodarstvu v prilogi \u010dasopisa El Mundo, v dnevniku Expansi\u00f3n in reviji Capital. Z velikim uspehom trilogije o \u0161panski dr\u017eavljanski vojni je klju\u010dno pripomogel k popularizaciji zgodovine v \u0160paniji.<\/p>\n<p>V zadnjih letih je po preu\u010devanju arhivov in dokumentacije burbonske dinastije objavil bogato zbirko preglednih in raziskovalnih del. Ob vsem tem ni opustil zanimanja za aktualne teme, ki jih predstavlja v knjigi intervjujev z madridskim nad\u0161kofom Roucom Varelo Conversaciones con Rouco Varela (Pogovori z Roucom Varelo) in v odli\u010dni politi\u010dni analizi Las mentiras de ZP (Zapaterove la\u017ei). Redno sodeluje pri prilogi \u010dasopisa El Mundo Cr\u00f3nica (Kronika) in reviji La aventura de la historia (Zgodovina kot pustolov\u0161\u010dina).<\/p>\n<h4>\u00a0<\/h4>\n<h5><span class=\"field-label \">Format:\u00a0<\/span><span class=\"field-value\">14&#215;21 cm<\/span>\u00a0<br \/><span class=\"field-label \">\u0160tevilo strani: 336<\/span><span class=\"field-value\">\u00a0strani<\/span>\u00a0<br \/><span class=\"field-label \">Vezava: trda\u00a0<\/span><span class=\"field-value\">vezava<\/span>\u00a0<\/h5>\n<p>[\/et_pb_text][\/et_pb_column][\/et_pb_row][\/et_pb_section]<\/p>\n","protected":false},"excerpt":{"rendered":"<p>Pretresljive zgodbe preteklih in dana\u0161njih dni ter pogovori z ljudmi, ki so ga dobro poznali, odkrivajo duhovnost in trpljenje patra Pija ter njegovo zvestobo Kristusu in Devici Mariji.<\/p>\n","protected":false},"featured_media":45119,"comment_status":"open","ping_status":"closed","template":"","meta":{"_et_pb_use_builder":"on","_et_pb_old_content":""},"product_cat":[82,61],"product_tag":[100],"_links":{"self":[{"href":"https:\/\/www.novisvet.si\/index.php?rest_route=\/wp\/v2\/product\/45118"}],"collection":[{"href":"https:\/\/www.novisvet.si\/index.php?rest_route=\/wp\/v2\/product"}],"about":[{"href":"https:\/\/www.novisvet.si\/index.php?rest_route=\/wp\/v2\/types\/product"}],"replies":[{"embeddable":true,"href":"https:\/\/www.novisvet.si\/index.php?rest_route=%2Fwp%2Fv2%2Fcomments&post=45118"}],"wp:featuredmedia":[{"embeddable":true,"href":"https:\/\/www.novisvet.si\/index.php?rest_route=\/wp\/v2\/media\/45119"}],"wp:attachment":[{"href":"https:\/\/www.novisvet.si\/index.php?rest_route=%2Fwp%2Fv2%2Fmedia&parent=45118"}],"wp:term":[{"taxonomy":"product_cat","embeddable":true,"href":"https:\/\/www.novisvet.si\/index.php?rest_route=%2Fwp%2Fv2%2Fproduct_cat&post=45118"},{"taxonomy":"product_tag","embeddable":true,"href":"https:\/\/www.novisvet.si\/index.php?rest_route=%2Fwp%2Fv2%2Fproduct_tag&post=45118"}],"curies":[{"name":"wp","href":"https:\/\/api.w.org\/{rel}","templated":true}]}}