{"id":224,"date":"2018-02-15T08:21:10","date_gmt":"2018-02-15T08:21:10","guid":{"rendered":"http:\/\/www.novisvet.si\/?post_type=product&#038;p=224"},"modified":"2019-03-28T11:19:23","modified_gmt":"2019-03-28T11:19:23","slug":"marija","status":"publish","type":"product","link":"https:\/\/www.novisvet.si\/?product=marija","title":{"rendered":"Marija"},"content":{"rendered":"<p>[et_pb_section bb_built=&#8221;1&#8243;][et_pb_row][et_pb_column type=&#8221;4_4&#8243;][et_pb_text _builder_version=&#8221;3.19.6&#8243; text_font=&#8221;Noto Serif||||||||&#8221; header_text_color=&#8221;#aa0066&#8243; header_2_text_color=&#8221;#8300e9&#8243; text_text_color=&#8221;#000000&#8243; header_2_font_size=&#8221;22px&#8221; header_5_text_color=&#8221;#000000&#8243; header_5_line_height=&#8221;1.5em&#8221; header_5_font=&#8221;|||||on|||&#8221; header_3_text_color=&#8221;#5a31b2&#8243; header_3_font_size=&#8221;16px&#8221;]<\/p>\n<h2>Chiara Lubich<\/h2>\n<h1>Marija<\/h1>\n<h3>Uredila Brendan Leahy in Judith Povilus<\/h3>\n<p>V srcu duhovne pustolov\u0161\u010dine, ki jo je \u017eivela Chiara Lubich, je Marija. Predstavlja nam jo v vedno novih odtenkih kot zgled za vse. Knjiga je zbirka misli, delno neobjavljenih, vzetih iz bele\u017ek, pisem, govorov, dnevnikov ustanoviteljice Gibanja fokolarov.<\/p>\n<p>Chiara Lubich (1920\u20132008), karizmati\u010dni lik na\u0161ega \u010dasa, je znana zaradi svojega neutrudnega dela za edinost in mir. Duh Gibanja fokolarov, ki ga je ustanovila, se je raz\u0161iril po vsem svetu. Prejela je \u0161tevilna priznanja, med drugimi nagrado Templeton za napredek vere (London 1977) in nagrado UNESCA za vzgojo za mir (Pariz 1996). V \u0161tevilnih mestih so ji podelili \u010dastno me\u0161\u010danstvo (Rim, Milano, Genova, Buenos Aires), na veliko univerzah pa je prejela \u010dastne doktorate. Ob njenem obisku v Sloveniji leta 1990 ji je Slovenska \u0161kofovska konferenca podelila odli\u010dje sv. Cirila in Metoda. Objavljenih je 58 knjig z ve\u010d kot 200 izdajami, ponatisi in prevodi v ve\u010d kot dvajset jezikov. \u0160tevilne knjige so prevedene tudi v sloven\u0161\u010dino.<\/p>\n<h4>\u00a0<\/h4>\n<h5><span class=\"field-label \">Format:\u00a0<\/span><span class=\"field-value\">13&#215;20 cm<\/span>\u00a0<br \/><span class=\"field-label \">\u0160tevilo strani:\u00a0<\/span><span class=\"field-value\">176 strani<\/span>\u00a0<br \/><span class=\"field-label \">Vezava:\u00a0<\/span><span class=\"field-value\">mehka vezava<\/span>\u00a0<\/h5>\n<p>[\/et_pb_text][\/et_pb_column][\/et_pb_row][\/et_pb_section]<\/p>\n","protected":false},"excerpt":{"rendered":"<p>Knjiga je zbirka misli o Mariji, delno neobjavljenih, vzetih iz bele\u017ek, pisem, govorov, dnevnikov ustanoviteljice Gibanja fokolarov.<\/p>\n","protected":false},"featured_media":225,"comment_status":"open","ping_status":"closed","template":"","meta":{"_et_pb_use_builder":"on","_et_pb_old_content":"<p>\u00a0<\/p><p>\u00a0<\/p>"},"product_cat":[26],"product_tag":[],"_links":{"self":[{"href":"https:\/\/www.novisvet.si\/index.php?rest_route=\/wp\/v2\/product\/224"}],"collection":[{"href":"https:\/\/www.novisvet.si\/index.php?rest_route=\/wp\/v2\/product"}],"about":[{"href":"https:\/\/www.novisvet.si\/index.php?rest_route=\/wp\/v2\/types\/product"}],"replies":[{"embeddable":true,"href":"https:\/\/www.novisvet.si\/index.php?rest_route=%2Fwp%2Fv2%2Fcomments&post=224"}],"wp:featuredmedia":[{"embeddable":true,"href":"https:\/\/www.novisvet.si\/index.php?rest_route=\/wp\/v2\/media\/225"}],"wp:attachment":[{"href":"https:\/\/www.novisvet.si\/index.php?rest_route=%2Fwp%2Fv2%2Fmedia&parent=224"}],"wp:term":[{"taxonomy":"product_cat","embeddable":true,"href":"https:\/\/www.novisvet.si\/index.php?rest_route=%2Fwp%2Fv2%2Fproduct_cat&post=224"},{"taxonomy":"product_tag","embeddable":true,"href":"https:\/\/www.novisvet.si\/index.php?rest_route=%2Fwp%2Fv2%2Fproduct_tag&post=224"}],"curies":[{"name":"wp","href":"https:\/\/api.w.org\/{rel}","templated":true}]}}